) = -3*h**3 - 1. Let g(i) = -i**2 - 9*i - 9. Let f be g(-8). Calculate m(f).
2
Let o(l) = l**2 + 8*l - 9. Let y be o(-9). Let x = y - 0. Let m(z) = -z + 1. Give m(x).
1
Let k(d) = -d - 2. Suppose -s - 2 - 3 = m, 0 = -3*m - s - 11. Give k(m).
1
Let y(d) be the second derivative of -d**4/6 + d**3/2 - 15*d. Determine y(3).
-9
Let o(c) = c**3 + 2*c**2 - 4*c - 1. Let m be o(-3). Suppose -2*t + m*b = -16, -t + 5*t = 5*b + 37. Let l(s) = t - 7 + 2*s - s. Give l(4).
0
Let v(y) = y**3 + 9*y**2 - y - 2. Let w be 780/(-84) + 2/7. Give v(w).
7
Let j(p) = 0*p - 4 + 0*p + p. Let u be (-13)/((-52)/24) + (-3 - -2). Calculate j(u).
1
Let a(l) = -l + 19. Let k be a(14). Let y = 2 - k. Let j(d) = d**2 + d + 2. Calculate j(y).
8
Let g(h) = -4*h**2 - h**3 + 1 + 0*h - 9*h + 7*h + 0*h**2. Let t be (-2)/(-1*2)*-3. Let p = t - -1. What is g(p)?
-3
Let v be ((-12)/(-9) + 0)/2. Let g(j) be the second derivative of 0 + v*j**3 + 1/20*j**5 + 2*j - 5/12*j**4 + 2*j**2. What is g(4)?
4
Let l be (0 - -7) + (0 - 4). Let b(j) = -j**2 + 6*j + 4. Give b(l).
13
Let p(k) = -k**3 + 3*k**2 + k. Suppose -5*z + 11 + 19 = 0. Suppose z = -j + 3*g - 6, 3*j - 14 = -g. What is p(j)?
3
Let j(k) = k**3 - k**2 + k - 2. Suppose 5 - 3 = n. Let a(f) = -f**3 + 2*f**2 - 2*f + 2. Let t(l) = n*a(l) + 3*j(l). Give t(2).
8
Let x be (4/3)/((-2)/(-6)). Let p(d) = -d + d**3 - 3*d**2 - 5 + 2*d**3 - 2*d - 2*d**3. Determine p(x).
-1
Let o(p) be the first derivative of p**4/4 - 8*p**3/3 + 4*p**2 - 2*p - 23. Calculate o(7).
5
Let l(o) = 11*o**3 + 2*o**2 + 2*o - 5. Let s(v) = 5*v**3 + v**2 + v - 2. Let x(n) = 6*l(n) - 13*s(n). What is x(0)?
-4
Let m(l) be the third derivative of -l**4/24 + l**3 + 5*l**2. What is m(0)?
6
Suppose -3*x - 1 = -4*r, x - 5*r + 10 = 6*x. Let z be (-2)/(1*2) - x. Let o(p) be the third derivative of -p**4/8 - p**3/3 - 23*p**2 - p. Calculate o(z).
4
Let z(k) = -k**2 - 6*k - 5. Let f(r) = 3*r + 25. Let d(l) = 2*l + 12. Let u(j) = 5*d(j) - 3*f(j). Let w be u(10). Let c = w + 0. Determine z(c).
0
Let q = 0 - -1. Let d(z) = -3*z**2 - 1. Let x be d(-1). Let w(c) = c**2 + 3*c + 4. Let r(j) = -4*j - 5. Let t(f) = x*r(f) - 5*w(f). Calculate t(q).
-4
Let y(j) be the second derivative of j**4/24 - j**3/6 - j**2/2 - j. Let z(n) be the first derivative of y(n). Determine z(-2).
-3
Let u(t) = -t**3 - 8*t**2 - 1. Suppose -y = 4*q - 6*y + 22, -18 = 2*q + y. Determine u(q).
-1
Let f(g) = 8*g + 14. Let j(c) = 3*c + 5. Let d(a) = -4*f(a) + 11*j(a). Determine d(1).
0
Let r(v) be the third derivative of v**7/840 - v**6/120 - v**5/40 + v**4/12 - v**3/3 - 4*v**2. Let t(o) be the first derivative of r(o). Give t(4).
6
Let i(v) = -2*v**2 - 11*v + 4. Let h(j) be the first derivative of -2*j**3/3 - 6*j**2 + 5*j + 2. Let l(c) = -6*h(c) + 7*i(c). Determine l(-3).
-5
Suppose 5*p - 15 = -0*p. Let w(k) = -k**2 - 1. Let z(m) = -2*m**2 - m - 3. Let q(h) = 3*w(h) - z(h). Give q(p).
-6
Let h(w) be the second derivative of w**5/20 + 7*w**4/12 - 5*w**2/2 - w + 14. Calculate h(-7).
-5
Let d(k) = 2*k + 7. Let p(y) = -y**3 + 7*y**2 - 7*y + 6. Let i be p(6). Let l = -7 - -10. Suppose -15 = 3*r - i, 0 = 3*s - l*r. What is d(s)?
-3
Let r = 26 - 23. Suppose 0 = 5*x + r*j + 30, x - 5*j - 16 = -2*x. Let o(q) = -4*q + 2. What is o(x)?
14
Suppose -5*o + d = 8, -2*d = -d + 2. Let n(i) = 6*i + 3. Determine n(o).
-9
Let y(o) = 6*o + 12*o**2 - 6 - 13*o**2 - o + 5*o. Give y(5).
19
Let g be (-2)/(-6) - (-21)/(-9). Let d = 0 - g. Let m(s) = -2*s**3 - 3*s**2 + 1 + 4*s**3 - s**3. Give m(d).
-3
Let k be ((-7)/21)/(2/(-12)). Let x(p) = -p**3 + 0*p**3 + 6*p - p**2 - p**k - 3*p. Determine x(2).
-10
Let f(g) = -g**2 + g. Let n = -2 - -6. Suppose -3*p = -2*p + n. Let q = p + 6. What is f(q)?
-2
Let a(f) = 3*f**2 - 8*f - 5*f**2 - 2 + 5. Let z be a(-4). Let h(m) = -4*m + 4. Calculate h(z).
-8
Let o(p) be the second derivative of -p**4/12 - 5*p**3/6 - p**2 - 4*p. Calculate o(-5).
-2
Suppose 9 = -3*g + 5*c, 3 + 10 = 5*g + c. Let s(d) = 5 + 5*d + 0 - 3 + d**g. Calculate s(-3).
-4
Let t(u) = 7*u**2 + 8*u + 6. Let w(q) = -6*q**2 - 8*q - 6. Let y(b) = -5*t(b) - 6*w(b). Let m be y(-7). Let z(n) = 4*n**3 + 2*n**2 + n. Calculate z(m).
-3
Let x(i) = -i**2 - i + 19. Suppose -3*o + 30 = -3*h, 2 = -h + 1. Suppose -2*r + 4 + 2 = -4*s, -s = -3*r + o. What is x(s)?
19
Suppose -3*l = -l. Let c(u) = -20*u + 2*u**3 + 21*u - u**2 - u**3 + 4. Give c(l).
4
Let b = 19 + -24. Let n(j) = 2*j + 5. Let v be n(b). Let x(y) = -y - 8. Give x(v).
-3
Let n be (-16)/(-12)*(-9)/2. Let g be (-4)/(3/n*-2). Let c(x) = x**3 + 4*x**2 - 3*x - 4. Determine c(g).
8
Let u(y) = 0*y + 4*y + 2*y. Let x(t) = -t**3 + 8*t**2 + 11*t - 19. Let r be x(9). Give u(r).
-6
Let o = 2 - 2. Let n(a) = -a + 1 + 0 + o + 0. Let g be 0/1 - (0 - 3). Calculate n(g).
-2
Let q(b) = -6*b - b**3 + 14*b**2 + 4 - 12*b**2 + 4*b**2. Calculate q(5).
-1
Let h(j) = -2*j**3 - 2 - 3*j**3 + 1 + j**2. Suppose -29 + 9 = 5*c, -8 = -4*r + c. Calculate h(r).
-5
Let p(s) = -2*s. Suppose -3*m - 8 = -5*k, 5*m + 5*k = -0*k. Suppose 4*d = -2*r + 3*r + 7, 0 = -3*d + 2*r + 9. Let y = d - m. Determine p(y).
-4
Let a(m) be the second derivative of m**5/20 + m**4/6 + m**3/6 + m**2/2 + 12*m. Give a(-2).
-1
Let h(v) be the second derivative of -1/2*v**2 - 1/4*v**5 + 0*v**3 + 3*v + 0 + 0*v**4. Let q be (-1 + 0 + 0)*1. Determine h(q).
4
Suppose k = -2*c + 4, k = -0*k + 4*c + 10. Suppose -2*m - 2 = -r, -k*r + 4*m = -2*r - 4. Let o(w) = -w + 4*w - 2 + r. Calculate o(2).
4
Let w(c) be the second derivative of -c**5/20 + c**4/3 - c**2 + 2*c. Suppose -k = 3*k + 16. Let h = 7 + k. Give w(h).
7
Let g(a) = -4*a - 3. Let c(h) = -15*h - 13. Let q(z) = -22*z - 19. Let b(d) = -7*c(d) + 5*q(d). Let o(f) = 6*b(f) - 7*g(f). Determine o(-4).
5
Let b(z) = -4*z**2 - 7*z - 7. Let r be b(-5). Let f be 4/(-10) - r/30. Let d(j) = 4*j + 7 - 5*j**f + j**2 + 3*j**2. What is d(5)?
2
Let j(f) = 4*f**3 + 0*f**3 + f**3 - 4*f**2 + 3*f**3 - 7*f. Let x(g) = -9*g**3 + 5*g**2 + 8*g. Let q(y) = -7*j(y) - 6*x(y). Calculate q(1).
-3
Let c(s) = -s**3 - 3*s**2 + 5*s + 7. Let p(m) = 2*m**3 + 6*m**2 - 10*m - 13. Let t(y) = 7*c(y) + 4*p(y). Let a be t(-4). Let r(n) = -9*n**2 + 1. Calculate r(a).
-8
Suppose 43 + 11 = -9*l. Let y(c) = -c**2 - 10*c - 3. Determine y(l).
21
Let r(m) be the first derivative of -2*m - 1/4*m**4 - 1 + 0*m**2 - 4/3*m**3. Let l be r(-4). Let s(k) = k**3 + 2*k**2 - k. Determine s(l).
2
Let r(d) be the second derivative of -d + 0 - 7/2*d**2 + 1/2*d**3 - 1/20*d**5 - 1/3*d**4. Let v(s) = -s**3 + 6*s**2 - 5. Let p be v(6). Determine r(p).
3
Let j be 6/(-5)*10/4. Let t be j/(6*(-2)/20). Let l(o) = -2*o + 3. What is l(t)?
-7
Let m(n) = -7*n**3 + 4*n**2 + 6*n**2 + n + 30*n**3 - 9*n**2. Determine m(-1).
-23
Suppose 5*r = -4*m + 5, 5*m + 5 = -5*r + r. Let a(v) be the third derivative of 1/60*v**5 - v**2 + 2/3*v**3 + 0 - 7/24*v**4 + 0*v. Determine a(r).
-6
Let g(c) = -2 + 6*c - 2*c - 4*c - 5*c. Let x = 16 + -18. Calculate g(x).
8
Let b(k) = 3*k - 55. Let g(i) = -i + 19. Let r(q) = 4*b(q) + 11*g(q). Calculate r(11).
0
Let j(p) = p**3 + 7*p**2 - 10*p - 12. Let z be j(-8). Suppose 0*b - z = -4*b. Let i be (-2)/(1 + b) - -1. Let y(v) = v**2 + v - 6. What is y(i)?
-6
Let p(a) be the first derivative of a**4/4 - 2*a**3/3 - a**2/2 - 2*a + 1. Suppose -15 + 6 = -3*m. Let l be p(m). Let y(v) = 2*v - 5. What is y(l)?
3
Let m = -297 + 438. Let y be (-1)/(-3) - m/(-9). Let v = y + -11. Let i(b) = -b**3 + 4*b**2 + 2*b + 6. Calculate i(v).
-9
Let u(t) be the first derivative of -t**5/24 - t**4/24 - t**3 + 4. Let k(f) be the third derivative of u(f). Give k(2).
-11
Suppose 10 = 2*v - 0*v. Let d(j) be the third derivative of 1/12*j**4 + 0*j + 0*j**3 + 0 + 5*j**2. What is d(v)?
10
Suppose 3*o = -4*p + 21, 4*p - 5*o = 3*p - 12. Let q(w) be the third derivative of 0 - 1/8*w**4 + 0*w + 1/6*w**p - w**2. Calculate q(-2).
7
Let c(d) = -d + 5. Let f be 0/(0 + 2 - 3). Suppose 0 = 3*s - 18 - f. What is c(s)?
-1
Let c(o) = 3*o + 3. Suppose 0 = -5*q - 1 - 24. What is c(q)?
-12
Let u(r) = 3*r**3 + 3*r**2 + 7. Let t(v) = -2*v**3 - 2*v**2 - 6. Let s(i) = 4*t(i) + 3*u(i). Let f be (1 - (-4 + 5))/1. Calculate s(f).
-3
Let g(i) = 2*i**3 - 1782*i**2 - 4*i**3 + 10 + 1790*i**2 + 3*i**3. Determine g(-8).
10
Let s(m) be the third derivative of m**4/8 + 5*m**3/6 - 26*m**2. What is s(-4)?
-7
Let o be 1/3 + 140/12.